ate 4 + -4 + -1 - 2.
-3
Evaluate -8 + 10 + -3 + 0 + 5.
4
Evaluate (-1 + 3 - -2) + 0.
4
4 + (13 - 12) - (-1 + 6)
0
30 + -26 - (0 + -1 + 4)
1
Evaluate (-3 - -11) + -6 + 5.
7
What is 5 + (1 - 5 - 2) + 8?
7
Calculate (-97 - -74) + 10 + 2.
-11
What is 4 + -4 - (6 + (0 - 5))?
-1
What is -3 - 0 - (-9 + -1 + 2)?
5
What is the value of (6 - (-4 + 10)) + -2?
-2
14 + -15 + 4 + 1
4
What is the value of 4 + -1 - ((7 - -4) + -7)?
-1
What is 5 + 0 + (-4 - (1 - 6))?
6
What is the value of -1 - -6 - (-5 + 15 - 13)?
8
Evaluate 4 - (-2 - -6) - (-7 + 9).
-2
(-6 - (-9 + 1)) + (-4 - 0)
-2
What is 2 + -3 + -6 + (-5 - -7)?
-5
Evaluate (-1 - (3 + -3 + 3)) + -1.
-5
Calculate -1 - -3 - (-1 + -3 + 3).
3
What is (-6 - -4) + 0 - -4?
2
What is the value of (1 - -5) + (-4 - -2)?
4
27 + -21 + (-1 - 5)
0
What is the value of (-3 - (4 - 8)) + 2?
3
What is the value of -7 + 1 + -11 + 16?
-1
Evaluate (8 - 6) + -5 + 6.
3
What is the value of 2 + (-2 - -3) - (7 - 0)?
-4
0 + 1 + 5 + -11 + 5
0
Evaluate 2 + -1 + 0 + 4 + -2.
3
2 + -3 + 3 - (-31 - -26)
7
What is -4 - (-12 - -3) - 8?
-3
Evaluate (12 - (3 - -2)) + -20 + 4.
-9
What is -7 - (-1 + 1 + -5)?
-2
What is the value of -1 + 5 - (1 - 2)?
5
-4 + 8 + -2 + 2
4
What is -4 - (0 + -6 + -4)?
6
Calculate (2 - -11) + (-9 - -2).
6
Calculate -2 + 12 - (18 + -4 - 9).
5
What is the value of -3 + 5 + (-1 - -1) - 3?
-1
What is (2 - 3) + 0 + 1 - 4?
-4
What is -8 - (-6 - (6 - -5))?
9
Calculate 2 - 1 - 6 - (-66 - -66).
-5
Evaluate -2 + (9 - (3 - -3)).
1
Evaluate -1 + -4 - -4 - 1.
-2
What is the value of -1 - 13 - (66 + -78)?
-2
-5 + (2 - (-4 + 9))
-8
What is 1 + (30 - 35) + (1 - 0)?
-3
Evaluate -12 - ((-10 - -1) + 7).
-10
What is -5 + (-6 - -10) + 6?
5
-16 - (-2 - (8 - 1))
-7
Calculate (4 - 0) + -2 + 1 + -4.
-1
4 - (0 - -3 - 2 - -4)
-1
What is the value of (-1 - (-2 + (-1 - 0))) + 2?
4
What is the value of 0 - (-4 + 0) - -1?
5
What is (8 - (0 - -3 - 0)) + -3?
2
What is the value of -4 + 8 + -6 + -1?
-3
7 - (5 - (0 + 0))
2
What is the value of 9 - (24 - (7 - -2))?
-6
(3 + -2 - -2) + 9 + -10
2
6 - (2 - -9) - (0 + -4)
-1
-2 - 4 - (-2 - 2)
-2
Evaluate -7 + 5 + -1 - (-11 - 0).
8
What is -5 - -4 - -1 - 4?
-4
Calculate -15 + 6 + 25 - 11.
5
2 + (-1 - (-1 + 1)) - 4
-3
Evaluate -2 - 3 - (14 - 16).
-3
What is 8 + -1 + -1 + -4?
2
What is 15 + (2 + 0 - 14)?
3
Calculate (0 - 2) + (5 + -4 - 0).
-1
What is -3 + 2 + 3 + 3?
5
-7 - -7 - -3 - (-1 + 3)
1
What is 12 - 4 - (-6 - -4 - -4)?
6
2 - (5 - 3) - -3 - -2
5
Calculate (-4 - 3 - -6) + -5.
-6
Calculate (1 + 2 - (-6 + 4)) + -2.
3
What is the value of (0 - (0 + 3)) + 3 + 3?
3
What is the value of 0 + (-3 - (-4 + 2)) - 3?
-4
What is the value of 6 - 1 - 3 - -1?
3
What is the value of (-9 - 6 - -4) + 7?
-4
What is -40 + 39 + (6 - 1)?
4
What is the value of (-1 - -3) + 1 - 6?
-3
Evaluate 0 + 2 - 3 - (-2 + -1).
2
-5 - (-1 + 7 + -13 - -3)
-1
What is -3 - (6 + -3 - -2) - -3?
-5
Calculate (1 - 3 - 0) + 3.
1
What is -4 - (0 + (6 + -1 - 7))?
-2
What is the value of 9 + 2 + (-4 - (0 - 3))?
10
What is the value of -11 - (-7 - (-3 - -1)) - -12?
6
What is -4 - 6 - -3 - -12?
5
Evaluate 6 - (-5 + 10 - -1).
0
Evaluate 0 + (-4 - -2 - -10) + -3.
5
What is the value of 4 - ((-2 - -1) + 2)?
3
18 + -17 + -9 + -1
-9
Evaluate 4 + 3 + -10 - -6.
3
What is the value of 0 + 3 + -13 + 13 + 0?
3
Evaluate -1 - (1 + 3 - 9).
4
Evaluate 0 - -2 - (-5 - -8).
-1
(6 - -2) + -4 - 5
-1
Evaluate (0 - -2) + -2 + -1.
-1
-2 + -3 + 1 + 5
1
What is the value of -11 + 13 + -7 + -1 + 5?
-1
What is (-9 - (-3 + 2)) + 5?
-3
0 + -1 - (-3 - -2)
0
1 + (2 - 5 - -5 - 3)
0
Calculate -1 + -4 + 3 - 3.
-5
Calculate (-1 - 5 - -4) + (-1 - -6).
3
What is -15 - (-1 - 2 - (-5 - -9))?
-8
What is 0 - -7 - (-1 + 4) - 5?
-1
What is -4 + 7 + -1 + 3 + -2?
3
What is 4 - (9 - (3 + -3))?
-5
-1 - (6 + (-6 - -2))
-3
-2 - (3 + -7 - -4) - -1
-1
What is -11 - (-6 + -5 + 9)?
-9
What is -3 + 0 + 4 + 2 + -3?
0
(2 - 8 - (-9 + -8)) + -8
3
What is 9 + (2 - 7) + (1 - 7)?
-2
-4 + -19 - -8 - -12
-3
20 + -2 - (-9 - -19)
8
What is the value of 4 - (-5 - (-1 - 3))?
5
Evaluate (7 - (-6 + 11)) + -1 + 4.
5
What is the value of (-21 - -28 - (3 - -1)) + -10?
-7
Calculate 0 - (4 + -2) - (75 - 79).
2
What is the value of 1 + 1 + 16 - (-3 - -11)?
10
Evaluate -8 - (7 + -21 - 0).
6
Evaluate 7 - (3 + -3 + 4).
3
What is the value of 8 - (0 + (15 - 7))?
0
Calculate 3 + (2 - (1 + 2)) - -2.
4
What is 0 - 4 - -2 - (-2 + -2)?
2
Calculate -1 - (2 + -3 - -1).
-1
What is the value of -8 - (-10 - 9) - (6 - 2)?
7
-2 + -6 + (0 - -2 - -3)
-3
Calculate (1 - -2) + (-4 - (-1 - -1)).
-1
-5 - (0 - ((-3 - 0) + 4))
-4
Evaluate (13 - 17) + -1 + -2.
-7
Calculate (15 - 6) + -4 + (-9 - -1).
-3
What is 0 + 1 + (-3 - 1) + 5?
2
Evaluate -3 + -7 + (2 - 0 - -9).
1
Evaluate (1 - 2) + (18 - 3 - 10).
4
10 - (4 + 4 + 6)
-4
Calculate -2 - -4 - (24 - (8 - -5)).
-9
What is the value of 0 - 7 - (-10 + 0 - -7)?
-4
Calculate (3 - (-8 + 8)) + -8.
-5
What is the value of (-9 - -15) + -11 - 1?
-6
What is the value of -5 - (-2 - -4) - (-4 + -5)?
2
What is -4 - (1 + -15 + 12 + -9)?
7
Evaluate 0 - (2 + -8 + 1).
5
(-11 - (-6 - -5)) + 3
-7
Evaluate 1 - -1 - 1 - 0 - 3.
-2
What is the value of -2 + -2 + (-2 - -9 - -1)?
4
(6 + -5 - -3) + (0 - 2)
2
Evaluate 3 + -1 + -8 + 3 + 0.
-3
What is -7 + (0 - 5) - (-3 + -4)?
-5
Evaluate 15 - (-7 - (-10 + -7)).
5
Calculate -7 + 9 + 0 + 2 + -7.
-3
Calculate 0 + (1 - 0) - 2 - -3.
2
-5 - -1 - (-8 - (0 + -7))
-3
What is the value of (3 - 0) + -3 + 1?
1
What is the value of (-9 - -4) + -8 + 5?
-8
Calculate 6 + -2 - (5 + (1 - -5)).
-7
What is the value of 2 + 1 + (-10 - -3)?
-4
Evaluate 12 - (3 + 7 + -4).
6
What is (6 + -15 - -10) + 6?
7
Calculate 5 - ((0 - 1) + 1).
5
Calculate 11 - 9 - (3 - -1).
-2
4 + (1 - (-3 + (1 - -2)))
5
Evaluate -1 - (3 + -1 + -4 + -3).
4
Calculate 5 - (1 - -3 - (1 + -6)).
-4
Evaluate -9 + (-4 - (-6 + -1)) + 5.
-1
(3 - (1 - (-3 - -2))) + -4
-3
What is the value of 3 - (4 + 0 + (1 - 2))?
0
Evaluate -12 + -6 + 17 - (1 + -6).
4
2 - (5 - 5 - -4)
-2
4 - 2 - 15 - -9
-4
What is -7 + 6 + 1 - 4?
-4
What is (-2 + -1 - 2) + 2?
-3
What is the value of -3 + -1 - (0 + -2)?
-2
-3 + 0 - -2 - (-75 - -82)
-8
What is 5 - 9 - (-6 - -2)?
0
Calculate (0 - (1 + 2 + 0)) + 4.
1
What is the value of 16 - 16 - (-1 - (3 + -1))?
3
Evaluate -2 - 3 - 1 - (-1 + -1).
-4
Calculate -4 + (12 - (7 - 3)).
4
What is the value of 11 + (-11 - -6) - (2 + -2)?
6
What is -8 - (5 - (11 - 6))?
-8
(-1 - -3) + (11 - 15) + 6
4
What is 0 + (-7 - (-6 - -2))?
-3
(1 - 5) + 1 + 39 + -33
3
What is the value of 3 + (-14 - -7) + 12?
8
Evaluate 5 - 2 - 1 - -1.
3
What is the value of -13 - (-2 + -8) - 0?
-3
What is the value of -6 + 9 - -4 - (-2 - -5)?
4
What is the value of -2 + (-4 + 8 - -8 - 2)?
8
(5 + -6 - (-7 + 3)) + -3
0
What is 14 + 1 + -21 + -1 + 9?
2
Calculate -8 + 0 + -4 + 8.
-4
Calculate -3 - 18 - -9 - -9.
-3
Calculate (3 - 2) + -3 + -1 + 8.
5
What is the value of (1 - 1) + 53 + -48?
5
What is 4 - 2 - ((8 - 5) + 4)?
-5
What is the value of (0 + -6 - -1) + (-70 - -76)?
1
Evaluate -4 + (4 + 0 - 5 - -2).
-3
What is the value of 11 + -5 - (12 + -5)?
-1
What is -12 - (-6 - -1) - (3 + -3)?
-7
2 + 0 - (2 + -1)
1
What is -8 + 8 - (3 - (-3 - -1))?
-5
1 + 1 + 6 + -5 - 4
-1
Evaluate (-15 - -18) + (-1 - 1) - 3.
-2
What is 3 - (-1 - (-11 - -4))?
-3
What is -10 - -3 - (-6 + 1 + -2)?
0
(-3 - -1) + (15 - 14)
-1
-4 + 3 + -4 - -3
-2
What is the value of (8 - 5 - 7) + 5 + 4?
5
0 + 0 + -3 + (3 - 0)
0
Evaluate -1 + 2 - -1 - -6 - 3.
5
Calculate -7 + 6 + (6 - 1).
4
What is the value of (-12 - -22) + -9 + 1?
2
Evaluate -3 + 0 + 1 + (-1 - 1).
-4
Calculate -8 + 2 - (-2 + 0 - 1).
-3
Evaluate (6 + -8 - 3) + 2 + 0.
-3
Evaluate -4 + -2 + -2 + 5.
-3
What is -1 + (3 - -3 - 5) + -4?
-4
What is the value of -7 + (-6 - ((-5 - -1) + -1))?
-8
What is the value of 0 + -5 + 7 + -3?
-1
What is -6 + 25 - 6 - 4 - 7?
2
What is the value of (6 - (16 + -5)) + 8?
3
Evaluate 2 + (3 - ((-5 - -7) + -4)).
7
What is 1 + 2 - (5 + (-5 - -5))?
-2
3 + 2 + (-3 - 0 - -2)
4
What is the value of (0 - -13) + 43 + -51?
5
Calculate 6 + (-2 - 3) - -1.
2
2 + -2 - (11 - 6)
-5
Calculate -4 + -9 + 2 + 12.
1
What is 1 + -6 + -1 - -3 - -1?
-2
What is the value of -3 - ((-6 - 4) + 12)?
-5
What is 11 + 3 + -6 + -5?
3
Calculate -1 + 1 - (-7 - -3 - -5).
-1
Calculate 3 + (0 - (10 - 3)).
-4
Calculate 0 + -9 + 8 + -3.
-4
What is 